{"id":99,"date":"2014-12-06T22:21:40","date_gmt":"2014-12-06T22:21:40","guid":{"rendered":"http:\/\/eportal.chirurgie.upol.cz\/ebook\/?page_id=99"},"modified":"2023-05-15T06:15:40","modified_gmt":"2023-05-15T06:15:40","slug":"chirurgicka-propedeutika","status":"publish","type":"page","link":"https:\/\/eportal.chirurgie.upol.cz\/ebook\/?page_id=99","title":{"rendered":"Chirurgick\u00e1 propedeutika"},"content":{"rendered":"<div class=\"card-individual\">\n<h3 class=\"titulek-fotka\"  style=\"color:#ffffff;\">CHIRURGICK\u00c1 PROPEDEUTIKA<\/h3>\n<h6 class=\"zamereni\">Auto\u0159i:<br \/>Miloslav Duda a kolektiv<\/h6>\n<p><a style=\"text-decoration: none;\" href=\"https:\/\/eportal.chirurgie.upol.cz\/ebook\/wp-content\/uploads\/2023\/05\/Propedeutika__1.pdf\" target=\"_blank\" rel=\"noopener\">\u2192 ST\u00c1HNOUT ELEKTRONICKOU PUBLIKACI <i>(*.PDF)<\/i><\/a><br \/>\n<a style=\"text-decoration: none;\" href=\"http:\/\/eportal.chirurgie.upol.cz\/portal_final\/?page_id=5116\" target=\"_blank\" rel=\"noopener\">\u2192 OTEV\u0158\u00cdT MATERI\u00c1LY V ELEARNINGOV\u00c9M PORT\u00c1LU<\/a><br \/>\n<a  class=\"_3d-flip-book  fb3d-link-lightbox-mode\" data-id=\"227\" data-mode=\"link-lightbox\" data-title=\"false\" data-template=\"short-white-book-view\" data-lightbox=\"light-shadow\" data-urlparam=\"fb3d-page\" data-page-n=\"0\" data-pdf=\"\" data-tax=\"null\" data-thumbnail=\"\" data-cols=\"3\" data-book-template=\"default\" data-trigger=\"\">\u2192 3D N\u00c1HLED ELEKTRONICK\u00c9 PUBLIKACE<br \/><img decoding=\"async\" class=\"image-over-size\" title=\"Publikace CHIRURGICK\u00c1 PROPEDEUTIKA\" src=\"https:\/\/eportal.chirurgie.upol.cz\/ebook\/wp-content\/uploads\/2023\/05\/cover1_Page_1-724x10241-1.jpg\"  style=\"width:200px;\"\/><\/a><script type=\"text\/javascript\">window.FB3D_CLIENT_DATA = window.FB3D_CLIENT_DATA || [];FB3D_CLIENT_DATA.push('eyJwb3N0cyI6eyIyMjciOnsiSUQiOjIyNywidGl0bGUiOiJDSElSVVJHSUNLXHUwMGMxIFBST1BFREVVVElLQSIsInR5cGUiOiJwZGYiLCJyZWFkeV9mdW5jdGlvbiI6IiIsImJvb2tfc3R5bGUiOiJmbGF0IiwiYm9va190ZW1wbGF0ZSI6Im5vbmUiLCJvdXRsaW5lIjpbXSwiZGF0YSI6eyJwb3N0X0lEIjoiMjIzIiwiZ3VpZCI6Imh0dHBzOlwvXC9lcG9ydGFsLmNoaXJ1cmdpZS51cG9sLmN6XC9lYm9va1wvd3AtY29udGVudFwvdXBsb2Fkc1wvMjAyM1wvMDVcL1Byb3BlZGV1dGlrYV9fMS5wZGYiLCJwZGZfcGFnZXMiOiI5NTYiLCJwYWdlc19jdXN0b21pemF0aW9uIjoibm9uZSJ9LCJ0aHVtYm5haWwiOnsiZGF0YSI6eyJwb3N0X0lEIjoiMCJ9LCJ0eXBlIjoiYXV0byJ9LCJwcm9wcyI6eyJiYWNrZ3JvdW5kQ29sb3IiOiJhdXRvIiwiYmFja2dyb3VuZEltYWdlIjoiYXV0byIsImJhY2tncm91bmRTdHlsZSI6ImF1dG8iLCJoaWdobGlnaHRMaW5rcyI6ImF1dG8iLCJsaWdodGluZyI6ImF1dG8iLCJjYWNoZWRQYWdlcyI6ImF1dG8iLCJyZW5kZXJJbmFjdGl2ZVBhZ2VzIjoiYXV0byIsInJlbmRlckluYWN0aXZlUGFnZXNPbk1vYmlsZSI6ImF1dG8iLCJyZW5kZXJXaGlsZUZsaXBwaW5nIjoiYXV0byIsInByZWxvYWRQYWdlcyI6ImF1dG8iLCJhdXRvUGxheUR1cmF0aW9uIjoiYXV0byIsInJ0bCI6ImF1dG8iLCJpbnRlcmFjdGl2ZUNvcm5lcnMiOiJhdXRvIiwibWF4RGVwdGgiOiJhdXRvIiwic2hlZXQiOnsic3RhcnRWZWxvY2l0eSI6ImF1dG8iLCJ3YXZlIjoiYXV0byIsInNoYXBlIjoiYXV0byIsIndpZHRoVGV4ZWxzIjoiYXV0byIsImNvbG9yIjoiYXV0byIsInNpZGUiOiJhdXRvIiwiY29ybmVyRGV2aWF0aW9uIjoiYXV0byIsImZsZXhpYmlsaXR5IjoiYXV0byIsImZsZXhpYmxlQ29ybmVyIjoiYXV0byIsImJlbmRpbmciOiJhdXRvIiwiaGVpZ2h0VGV4ZWxzIjoiYXV0byJ9LCJjb3ZlciI6eyJ3YXZlIjoiYXV0byIsImNvbG9yIjoiYXV0byIsInNpZGUiOiJhdXRvIiwiYmluZGVyVGV4dHVyZSI6ImF1dG8iLCJkZXB0aCI6ImF1dG8iLCJwYWRkaW5nIjoiYXV0byIsInN0YXJ0VmVsb2NpdHkiOiJhdXRvIiwiZmxleGliaWxpdHkiOiJhdXRvIiwiZmxleGlibGVDb3JuZXIiOiJhdXRvIiwiYmVuZGluZyI6ImF1dG8iLCJ3aWR0aFRleGVscyI6ImF1dG8iLCJoZWlnaHRUZXhlbHMiOiJhdXRvIiwibWFzcyI6ImF1dG8iLCJzaGFwZSI6ImF1dG8ifSwicGFnZSI6eyJ3YXZlIjoiYXV0byIsImNvbG9yIjoiYXV0byIsInNpZGUiOiJhdXRvIiwiZGVwdGgiOiJhdXRvIiwic3RhcnRWZWxvY2l0eSI6ImF1dG8iLCJmbGV4aWJpbGl0eSI6ImF1dG8iLCJmbGV4aWJsZUNvcm5lciI6ImF1dG8iLCJiZW5kaW5nIjoiYXV0byIsIndpZHRoVGV4ZWxzIjoiYXV0byIsImhlaWdodFRleGVscyI6ImF1dG8iLCJtYXNzIjoiYXV0byIsInNoYXBlIjoiYXV0byJ9LCJoZWlnaHQiOiJhdXRvIiwid2lkdGgiOiJhdXRvIiwiZ3Jhdml0eSI6ImF1dG8iLCJwYWdlc0ZvclByZWRpY3RpbmciOiJhdXRvIn0sImNvbnRyb2xQcm9wcyI6eyJhY3Rpb25zIjp7ImNtZFRvYyI6eyJlbmFibGVkIjoiYXV0byIsImVuYWJsZWRJbk5hcnJvdyI6ImF1dG8iLCJhY3RpdmUiOiJhdXRvIiwiZGVmYXVsdFRhYiI6ImF1dG8ifSwiY21kQXV0b1BsYXkiOnsiZW5hYmxlZCI6ImF1dG8iLCJlbmFibGVkSW5OYXJyb3ciOiJhdXRvIiwiYWN0aXZlIjoiYXV0byJ9LCJjbWRTYXZlIjp7ImVuYWJsZWQiOiJhdXRvIiwiZW5hYmxlZEluTmFycm93IjoiYXV0byJ9LCJjbWRQcmludCI6eyJlbmFibGVkIjoiYXV0byIsImVuYWJsZWRJbk5hcnJvdyI6ImF1dG8ifSwiY21kU2luZ2xlUGFnZSI6eyJlbmFibGVkIjoiYXV0byIsImVuYWJsZWRJbk5hcnJvdyI6ImF1dG8iLCJhY3RpdmUiOiJhdXRvIiwiYWN0aXZlRm9yTW9iaWxlIjoiYXV0byJ9LCJ3aWRUb29sYmFyIjp7ImVuYWJsZWQiOiJhdXRvIiwiZW5hYmxlZEluTmFycm93IjoiYXV0byJ9fX0sImF1dG9UaHVtYm5haWwiOiJodHRwOlwvXC9lcG9ydGFsLmNoaXJ1cmdpZS51cG9sLmN6XC9lYm9va1wvd3AtY29udGVudFwvdXBsb2Fkc1wvM2QtZmxpcC1ib29rXC9hdXRvLXRodW1ibmFpbHNcLzIyNy5wbmciLCJwb3N0X25hbWUiOiJjaGlydXJnaWNrYS1wcm9wZWRldXRpa2EiLCJwb3N0X3R5cGUiOiIzZC1mbGlwLWJvb2sifX0sInBhZ2VzIjpbXSwiZmlyc3RQYWdlcyI6W119');window.FB3D_CLIENT_LOCALE && FB3D_CLIENT_LOCALE.render && FB3D_CLIENT_LOCALE.render();<\/script><img decoding=\"async\" src=\"https:\/\/eportal.chirurgie.upol.cz\/ebook\/wp-content\/uploads\/2023\/05\/blank.jpg\" style=\"width:100%;height:1px;\"><a href=\"https:\/\/eportal.chirurgie.upol.cz\/ebook\/?page_id=454\" class=\"zapati\" target=\"blank\" rel=\"noopener\">SOUVISEJ\u00cdC\u00cd VIDEOSEKVENCE >><\/a><img decoding=\"async\" src=\"https:\/\/eportal.chirurgie.upol.cz\/ebook\/wp-content\/uploads\/2023\/05\/blank.jpg\" style=\"width:100%;height:1px;\"><\/div>\n","protected":false},"excerpt":{"rendered":"<p>CHIRURGICK\u00c1 PROPEDEUTIKA Auto\u0159i:Miloslav Duda a kolektiv \u2192 ST\u00c1HNOUT ELEKTRONICKOU PUBLIKACI (*.PDF) \u2192 OTEV\u0158\u00cdT MATERI\u00c1LY V ELEARNINGOV\u00c9M PORT\u00c1LU SOUVISEJ\u00cdC\u00cd VIDEOSEKVENCE >><\/p>\n","protected":false},"author":1,"featured_media":299,"parent":0,"menu_order":50,"comment_status":"closed","ping_status":"closed","template":"","meta":{"footnotes":""},"class_list":["post-99","page","type-page","status-publish","has-post-thumbnail","hentry"],"_links":{"self":[{"href":"https:\/\/eportal.chirurgie.upol.cz\/ebook\/index.php?rest_route=\/wp\/v2\/pages\/99","targetHints":{"allow":["GET"]}}],"collection":[{"href":"https:\/\/eportal.chirurgie.upol.cz\/ebook\/index.php?rest_route=\/wp\/v2\/pages"}],"about":[{"href":"https:\/\/eportal.chirurgie.upol.cz\/ebook\/index.php?rest_route=\/wp\/v2\/types\/page"}],"author":[{"embeddable":true,"href":"https:\/\/eportal.chirurgie.upol.cz\/ebook\/index.php?rest_route=\/wp\/v2\/users\/1"}],"replies":[{"embeddable":true,"href":"https:\/\/eportal.chirurgie.upol.cz\/ebook\/index.php?rest_route=%2Fwp%2Fv2%2Fcomments&post=99"}],"version-history":[{"count":31,"href":"https:\/\/eportal.chirurgie.upol.cz\/ebook\/index.php?rest_route=\/wp\/v2\/pages\/99\/revisions"}],"predecessor-version":[{"id":540,"href":"https:\/\/eportal.chirurgie.upol.cz\/ebook\/index.php?rest_route=\/wp\/v2\/pages\/99\/revisions\/540"}],"wp:featuredmedia":[{"embeddable":true,"href":"https:\/\/eportal.chirurgie.upol.cz\/ebook\/index.php?rest_route=\/wp\/v2\/media\/299"}],"wp:attachment":[{"href":"https:\/\/eportal.chirurgie.upol.cz\/ebook\/index.php?rest_route=%2Fwp%2Fv2%2Fmedia&parent=99"}],"curies":[{"name":"wp","href":"https:\/\/api.w.org\/{rel}","templated":true}]}}