{"id":167,"date":"2013-03-14T09:32:35","date_gmt":"2013-03-14T09:32:35","guid":{"rendered":"https:\/\/eportal.chirurgie.upol.cz\/portal_final\/?page_id=167"},"modified":"2013-06-09T12:37:24","modified_gmt":"2013-06-09T12:37:24","slug":"predmluva2","status":"publish","type":"page","link":"https:\/\/eportal.chirurgie.upol.cz\/portal_final\/?page_id=167","title":{"rendered":"P\u0159edmluva: J\u00edcen &#8211; Pohled z mnoha \u00fahl\u016f v zrcadle zku\u0161enost\u00ed olomouck\u00e9 j\u00edcnov\u00e9 \u0161koly"},"content":{"rendered":"<p>&nbsp;<\/p>\n<p class=\"s14\" style=\"text-align: center;\"><strong>Motto:<\/strong><br \/>\n<em>\u201eKa\u017ed\u00fd l\u00e9ka\u0159 m\u00e1 sv\u016fj obl\u00edben\u00fd org\u00e1n a chorobu.\u201c<\/em><\/p>\n<p class=\"s14\" style=\"text-align: center;\">\n<p style=\"text-align: justify;\">Na podzim roku 1959 jsem vstoupil jako student medic\u00edny poprv\u00e9 na p\u016fdu I. chirurgick\u00e9 kliniky v Olomouci a s n\u00ed, a pozd\u011bji s II. chirurgickou klinikou v Olomouci, kterou jsem vedl v\u00edce ne\u017e 20 let (1986\u20132006), jsem spojil svou l\u00e9ka\u0159skou dr\u00e1hu. I kdy\u017e pr\u00e1ce chirurg\u016f v Olomouci byla a je zam\u011b\u0159ena na v\u0161echny oblasti tohoto oboru, po mnoho desetilet\u00ed je Olomouc spojov\u00e1na u odborn\u00e9 i laick\u00e9 ve\u0159ejnosti zejm\u00e9na s chirurgi\u00ed j\u00edcnu.<\/p>\n<p style=\"text-align: justify;\">Chirurgii j\u00edcnu se v\u011bnovala, a do zna\u010dn\u00e9 m\u00edry to plat\u00ed i dnes, p\u0159ev\u00e1\u017en\u011b jen vybran\u00e1 specializovan\u00e1 pracovi\u0161t\u011b a jen v takov\u00fdch centrech bylo vzhledem k frekvenci t\u011bchto onemocn\u011bn\u00ed mo\u017eno z\u00edskat dostatek zku\u0161enost\u00ed pro dal\u0161\u00ed rozvoj t\u00e9to oblasti chirurgie. V tomto smyslu olomouck\u00e1 j\u00edcnov\u00e1 \u0161kola z\u00edskala d\u016fstojn\u00e9 m\u00edsto p\u0159esahuj\u00edc\u00ed v\u00fdznam na\u0161\u00ed zem\u011b. To m\u011b p\u0159ivedlo k p\u0159esv\u011bd\u010den\u00ed, \u017ee je t\u0159eba tyto zku\u0161enosti shrnout do koncentrovan\u00e9 podoby pro ty, kte\u0159\u00ed maj\u00ed o tuto problematiku z\u00e1jem.<\/p>\n<p style=\"text-align: justify;\">Hlavn\u00ed pohnutkou pro seps\u00e1n\u00ed tohoto pojedn\u00e1n\u00ed pro m\u011b byl pocit povinnosti p\u0159ipojit se k t\u011bm, kte\u0159\u00ed se r\u00e1di pod\u00edvaj\u00ed zp\u011bt, kdy\u017e se sna\u017e\u00ed postupovat kup\u0159edu, a zaslat toto poselstv\u00ed na\u0161im n\u00e1sledn\u00edk\u016fm. Kdy\u017e jsem se rozhodl pro naps\u00e1n\u00ed t\u00e9to knihy, m\u011bl jsem za sebou tak\u0159ka pades\u00e1t let pr\u00e1ce chirurga a \u0161t\u011bst\u00ed, \u017ee jej\u00ed v\u00fdznamnou \u010d\u00e1st jsem m\u011bl mo\u017enost v\u011bnovat pr\u00e1v\u011b chirurgii j\u00edcnu. Prostor pro shrnut\u00ed t\u011bchto zku\u0161enost\u00ed se mi otev\u0159el zejm\u00e9na, kdy\u017e jsem byl zbaven povinnost\u00ed spojen\u00fdch s veden\u00edm kliniky, ale z\u016fstal jsem nad\u00e1le aktivn\u00edm chirurgem. Je pochopiteln\u00e9, \u017ee pohl\u00ed\u017e\u00edm na chirurgii j\u00edcnu ze zorn\u00e9ho pole olomouck\u00e9 j\u00edcnov\u00e9 \u0161koly, co\u017e v \u017e\u00e1dn\u00e9m p\u0159\u00edpad\u011b nesni\u017euje z\u00e1sluhy a pod\u00edl ostatn\u00edch pracovi\u0161\u0165 v \u010cech\u00e1ch, na Morav\u011b a na Slovensku na rozvoji t\u00e9to specializace. Tato kniha, ji\u017e proto, \u017ee je naps\u00e1na p\u0159ev\u00e1\u017en\u011b jedn\u00edm autorem \u2013 chirurgem, nechce konkurovat rozs\u00e1hl\u00fdm encyklopedick\u00fdm monografi\u00edm o j\u00edcnu, na kter\u00fdch se pod\u00edl\u00ed \u0159ada odborn\u00edk\u016f r\u016fzn\u00fdch specializac\u00ed [1, 2, 3, 4]. Naopak jej\u00ed v\u00fdhodou je jednot\u00edc\u00ed pohled koncentruj\u00edc\u00ed n\u00e1zory \u00fazk\u00e9 skupiny spolupracovn\u00edk\u016f a prezentuj\u00edc\u00ed historicky se vyv\u00edjej\u00edc\u00ed pohled t\u0159\u00ed generac\u00ed l\u00e9ka\u0159\u016f zab\u00fdvaj\u00edc\u00edch se ezofagologi\u00ed. Olomouck\u00e1 j\u00edcnov\u00e1 \u0161kola se v\u0161ak nikdy nevyv\u00edjela izolovan\u011b, ale v\u017edy vyu\u017e\u00edvala v maxim\u00e1ln\u011b mo\u017en\u00e9m rozsahu mezin\u00e1rodn\u00edch zku\u0161enost\u00ed a spolupr\u00e1ce, kter\u00e9 byly samoz\u0159ejm\u011b v r\u016fzn\u00fdch etap\u00e1ch na\u0161eho slo\u017eit\u00e9ho politicko-spole\u010densk\u00e9ho v\u00fdvoje r\u016fzn\u00e9. Dal\u0161\u00edm charakteristick\u00fdm znakem ezofagologie nejen u n\u00e1s, ale i ve sv\u011bt\u011b, je skute\u010dnost, \u017ee chirurgov\u00e9 se u onemocn\u011bn\u00ed j\u00edcnu v\u017edy zab\u00fdvali, daleko v\u00edce ne\u017e v jin\u00fdch oblastech gastroenterologie, i diagnostikou a konzervativn\u00ed l\u00e9\u010dbou chorob j\u00edcnu a v n\u011bkter\u00fdch t\u011bchto oblastech byli i pr\u016fkopn\u00edky.<\/p>\n<p style=\"text-align: justify;\">V knize se nesoust\u0159e\u010fuji na pouh\u00fd v\u00fd\u010det diagnostick\u00fdch a l\u00e9\u010debn\u00fdch mo\u017enost\u00ed u jednotliv\u00fdch chorob j\u00edcnu, ale d\u016fraz je kladen i na historick\u00fd v\u00fdvoj r\u016fzn\u00fdch metod a n\u00e1zor\u016f. I dnes vede toti\u017e \u010dasto historick\u00e1 slepota zbyte\u010dn\u011b k hled\u00e1n\u00ed ji\u017e poznan\u00e9ho. V publikaci je vyu\u017eito i toho, co bylo naps\u00e1no ji\u017e p\u0159ed lety a nepozbylo sv\u00e9ho opodstatn\u011bn\u00ed [5, 6]. \u010cist\u011b odborn\u00e1 problematika je ilustrovan\u00e1 i pohledy z jin\u00fdch \u00fahl\u016f. Podrobn\u011b jsou dokumentov\u00e1ny pr\u00e1ce vych\u00e1zej\u00edc\u00ed z olomouck\u00e9 j\u00edcnov\u00e9 \u0161koly, je vzpomenuta spolupr\u00e1ce a odborn\u00e9 kontakty u n\u00e1s i v zahrani\u010d\u00ed, stejn\u011b jako jsou uvedeny stru\u010dn\u00e9 portr\u00e9ty olomouck\u00fdch chirurg\u016f, kte\u0159\u00ed se t\u00e9to problematice nejv\u00edce v\u011bnovali. To v\u0161e m\u016f\u017ee \u010dten\u00e1\u0159i dokreslit z\u00e1m\u011br autora, tj. \u2026pohled na j\u00edcen z mnoha \u00fahl\u016f v zrcadle zku\u0161enost\u00ed olomouck\u00e9 j\u00edcnov\u00e9 \u0161koly\u2026<\/p>\n<h3 class=\"s15\">Literatura<\/h3>\n<ol>\n<li style=\"text-align: justify;\">Vantrapen G, Hellemans J, editors. Diseases of the Esophagus. 1st ed. Springer Verlag: Berlin Heidelberg New York; 1974.<\/li>\n<li style=\"text-align: justify;\">Jamieson GG, editor. Surgery of the Oesophagus. 1st ed. Edinburgh London Melbourne and New York: Churchill Livingstone; 1988.<\/li>\n<li style=\"text-align: justify;\">Castell DO, Richter JE. The Esophagus. 3rd ed. Philadelphia New York Baltimore: Lippincott Williams &amp; Wilkins; 1999.<\/li>\n<li style=\"text-align: justify;\">Izbicki JR, Broering DC, Yekebas EF, Kutup A, Chernousov AF, Gallinger YI, Bogopolski PM, Soehendra N. Surgery of the Esophagus Textbook and Atlas of Surgical Practice. 1st ed. Steinkopff Verlag, Springer; 2009.<\/li>\n<li style=\"text-align: justify;\">Duda M. Chirurgische Behandlung der Funktionssterungen der Speiser\u00f6hre. 1st ed. Olomouc: Univerzita Palack\u00e9ho; 1984.<\/li>\n<li style=\"text-align: justify;\">Duda M. Chirurgick\u00e1 l\u00e9\u010dba funk\u010dn\u00edch poruch kardioezofage\u00e1ln\u00edho spojen\u00ed a j\u00edcnu. 1st ed. Bratislava: Veda; 1984.<\/li>\n<\/ol>\n<p>&nbsp;<\/p>\n","protected":false},"excerpt":{"rendered":"<p>&nbsp; Motto: \u201eKa\u017ed\u00fd l\u00e9ka\u0159 m\u00e1 sv\u016fj obl\u00edben\u00fd org\u00e1n a chorobu.\u201c Na podzim roku 1959 jsem vstoupil jako student medic\u00edny poprv\u00e9 na p\u016fdu I. chirurgick\u00e9 kliniky v Olomouci a s n\u00ed, a pozd\u011bji s II. chirurgickou klinikou v Olomouci, kterou jsem vedl v\u00edce ne\u017e 20 let (1986\u20132006), jsem spojil svou l\u00e9ka\u0159skou dr\u00e1hu. I kdy\u017e pr\u00e1ce chirurg\u016f [&hellip;]<\/p>\n","protected":false},"author":1,"featured_media":0,"parent":65,"menu_order":5,"comment_status":"closed","ping_status":"closed","template":"","meta":{"footnotes":"","_links_to":"","_links_to_target":""},"class_list":["post-167","page","type-page","status-publish","hentry"],"_links":{"self":[{"href":"https:\/\/eportal.chirurgie.upol.cz\/portal_final\/index.php?rest_route=\/wp\/v2\/pages\/167","targetHints":{"allow":["GET"]}}],"collection":[{"href":"https:\/\/eportal.chirurgie.upol.cz\/portal_final\/index.php?rest_route=\/wp\/v2\/pages"}],"about":[{"href":"https:\/\/eportal.chirurgie.upol.cz\/portal_final\/index.php?rest_route=\/wp\/v2\/types\/page"}],"author":[{"embeddable":true,"href":"https:\/\/eportal.chirurgie.upol.cz\/portal_final\/index.php?rest_route=\/wp\/v2\/users\/1"}],"replies":[{"embeddable":true,"href":"https:\/\/eportal.chirurgie.upol.cz\/portal_final\/index.php?rest_route=%2Fwp%2Fv2%2Fcomments&post=167"}],"version-history":[{"count":10,"href":"https:\/\/eportal.chirurgie.upol.cz\/portal_final\/index.php?rest_route=\/wp\/v2\/pages\/167\/revisions"}],"predecessor-version":[{"id":942,"href":"https:\/\/eportal.chirurgie.upol.cz\/portal_final\/index.php?rest_route=\/wp\/v2\/pages\/167\/revisions\/942"}],"up":[{"embeddable":true,"href":"https:\/\/eportal.chirurgie.upol.cz\/portal_final\/index.php?rest_route=\/wp\/v2\/pages\/65"}],"wp:attachment":[{"href":"https:\/\/eportal.chirurgie.upol.cz\/portal_final\/index.php?rest_route=%2Fwp%2Fv2%2Fmedia&parent=167"}],"curies":[{"name":"wp","href":"https:\/\/api.w.org\/{rel}","templated":true}]}}