{"id":3516,"date":"2013-06-09T11:30:52","date_gmt":"2013-06-09T11:30:52","guid":{"rendered":"https:\/\/eportal.chirurgie.upol.cz\/portal_final\/?page_id=3516"},"modified":"2026-02-06T16:59:42","modified_gmt":"2026-02-06T16:59:42","slug":"autori-bloku-hrudni-chirurgie","status":"publish","type":"page","link":"https:\/\/eportal.chirurgie.upol.cz\/portal_final\/?page_id=3516","title":{"rendered":"Auto\u0159i bloku Hrudn\u00ed chirurgie"},"content":{"rendered":"<h5 style=\"text-align: left;\">Oponenti:<\/h5>\n<ul>\n<li>prof. MUDr. Svetoz\u00e1r Haru\u0161tiak, CSc.<\/li>\n<li>prof. MUDr. Jind\u0159ich Vomela, CSc.<\/li>\n<\/ul>\n<h5 style=\"text-align: left;\">Koordin\u00e1to\u0159i bloku Hrudn\u00ed chirurgie:<\/h5>\n<ul>\n<li>prof. MUDr. Miloslav Duda, DrSc.<\/li>\n<li>prof. MUDr. Ji\u0159\u00ed Klein, Ph. D.<\/li>\n<\/ul>\n<h5>Autorsk\u00fd kolektiv:<\/h5>\n<table style=\"background-color: #ffffff; width: 100%;\" border=\"0\" cellspacing=\"3\" cellpadding=\"3\">\n<tbody>\n<tr>\n<td style=\"width: 55px;\" colspan=\"2\">\n<h6 style=\"text-align: center;\"><em>Autor kapitoly: 9<br \/>\nSpoluautor kapitol: 1, 5<\/em><\/h6>\n<\/td>\n<\/tr>\n<tr>\n<td style=\"width: 55px;\"><a href=\"https:\/\/eportal.chirurgie.upol.cz\/portal_final\/wp-content\/uploads\/2011\/12\/duda_miloslav.jpg\"><img loading=\"lazy\" decoding=\"async\" class=\"aligncenter size-thumbnail wp-image-4992\" title=\"Prof. MUDr. Miloslav Duda, DrSc.\" alt=\"Prof. MUDr. Miloslav Duda, DrSc.\" src=\"https:\/\/eportal.chirurgie.upol.cz\/portal_final\/wp-content\/uploads\/2011\/12\/duda_miloslav-120x150.jpg\" width=\"120\" height=\"150\" \/><\/a><\/td>\n<td align=\"left\" valign=\"middle\"><strong>prof. MUDr. Miloslav Duda, DrSc.<\/strong><br \/>\n(hlavn\u00ed \u0159e\u0161itel projektu a koordin\u00e1tor bloku Hrudn\u00ed chirurgie)<br \/>\n<em>II. chirurgick\u00e1 klinika FN a LF UP v Olomouci<\/em><br \/>\n<em><\/em><\/td>\n<\/tr>\n<tr>\n<td colspan=\"2\">\n<h6 style=\"text-align: center;\">Autor kapitol: 1\u20138<\/h6>\n<\/td>\n<\/tr>\n<tr>\n<td><a href=\"https:\/\/eportal.chirurgie.upol.cz\/portal_final\/wp-content\/uploads\/2011\/12\/klein_jiri.jpg\"><img loading=\"lazy\" decoding=\"async\" class=\"aligncenter size-thumbnail wp-image-4993\" title=\"Prof. MUDr. Ji\u0159\u00ed Klein, Ph. D.\" alt=\"Prof. MUDr. Ji\u0159\u00ed Klein, Ph. D.\" src=\"https:\/\/eportal.chirurgie.upol.cz\/portal_final\/wp-content\/uploads\/2011\/12\/klein_jiri-120x150.jpg\" width=\"120\" height=\"150\" \/><\/a><\/td>\n<td align=\"left\" valign=\"middle\"><strong>prof. MUDr. Ji\u0159\u00ed Klein, Ph. D. <\/strong><br \/>\n(koordin\u00e1tor bloku Hrudn\u00ed chirurgie)<br \/>\n<em>Onkologick\u00e1 klinika FN a LF UP Olomouc a Chirurgick\u00e9 odd\u011blen\u00ed Krajsk\u00e9 nemocnice Tom\u00e1\u0161e Bati Zl\u00edn <em><em><em><em><em><em><br \/>\n<\/em><\/em><\/em><\/em><\/em><\/em><\/em><\/td>\n<\/tr>\n<tr>\n<td colspan=\"2\">\n<h6 style=\"text-align: center;\">Spoluautorka kapitoly: 9<\/h6>\n<\/td>\n<\/tr>\n<tr>\n<td><a href=\"https:\/\/eportal.chirurgie.upol.cz\/portal_final\/wp-content\/uploads\/2011\/12\/podesvova.jpg\"><img loading=\"lazy\" decoding=\"async\" class=\"aligncenter size-thumbnail wp-image-5016\" title=\"Prim. MUDr. Hana Pode\u0161vov\u00e1\" alt=\"Prim. MUDr. Hana Pode\u0161vov\u00e1\" src=\"https:\/\/eportal.chirurgie.upol.cz\/portal_final\/wp-content\/uploads\/2011\/12\/podesvova-120x150.jpg\" width=\"120\" height=\"150\" \/><\/a><\/td>\n<td align=\"left\" valign=\"middle\"><strong>prim. MUDr. Hana Pode\u0161vov\u00e1<\/strong><br \/>\n<em>D\u011btsk\u00e9 odd\u011blen\u00ed M\u011bstsk\u00e9 nemocnice Ostrava-Fifejdy<br \/>\nEmeritn\u00ed prim\u00e1\u0159ka Odd\u011blen\u00ed neonatologie FN Ostrava<\/em><\/td>\n<\/tr>\n<\/tbody>\n<\/table>\n","protected":false},"excerpt":{"rendered":"<p>Oponenti: prof. MUDr. Svetoz\u00e1r Haru\u0161tiak, CSc. prof. MUDr. Jind\u0159ich Vomela, CSc. Koordin\u00e1to\u0159i bloku Hrudn\u00ed chirurgie: prof. MUDr. Miloslav Duda, DrSc. prof. MUDr. Ji\u0159\u00ed Klein, Ph. D. Autorsk\u00fd kolektiv: Autor kapitoly: 9 Spoluautor kapitol: 1, 5 prof. MUDr. Miloslav Duda, DrSc. (hlavn\u00ed \u0159e\u0161itel projektu a koordin\u00e1tor bloku Hrudn\u00ed chirurgie) II. chirurgick\u00e1 klinika FN a LF UP [&hellip;]<\/p>\n","protected":false},"author":1,"featured_media":0,"parent":1347,"menu_order":0,"comment_status":"closed","ping_status":"closed","template":"","meta":{"footnotes":"","_links_to":"","_links_to_target":""},"class_list":["post-3516","page","type-page","status-publish","hentry"],"_links":{"self":[{"href":"https:\/\/eportal.chirurgie.upol.cz\/portal_final\/index.php?rest_route=\/wp\/v2\/pages\/3516","targetHints":{"allow":["GET"]}}],"collection":[{"href":"https:\/\/eportal.chirurgie.upol.cz\/portal_final\/index.php?rest_route=\/wp\/v2\/pages"}],"about":[{"href":"https:\/\/eportal.chirurgie.upol.cz\/portal_final\/index.php?rest_route=\/wp\/v2\/types\/page"}],"author":[{"embeddable":true,"href":"https:\/\/eportal.chirurgie.upol.cz\/portal_final\/index.php?rest_route=\/wp\/v2\/users\/1"}],"replies":[{"embeddable":true,"href":"https:\/\/eportal.chirurgie.upol.cz\/portal_final\/index.php?rest_route=%2Fwp%2Fv2%2Fcomments&post=3516"}],"version-history":[{"count":6,"href":"https:\/\/eportal.chirurgie.upol.cz\/portal_final\/index.php?rest_route=\/wp\/v2\/pages\/3516\/revisions"}],"predecessor-version":[{"id":5529,"href":"https:\/\/eportal.chirurgie.upol.cz\/portal_final\/index.php?rest_route=\/wp\/v2\/pages\/3516\/revisions\/5529"}],"up":[{"embeddable":true,"href":"https:\/\/eportal.chirurgie.upol.cz\/portal_final\/index.php?rest_route=\/wp\/v2\/pages\/1347"}],"wp:attachment":[{"href":"https:\/\/eportal.chirurgie.upol.cz\/portal_final\/index.php?rest_route=%2Fwp%2Fv2%2Fmedia&parent=3516"}],"curies":[{"name":"wp","href":"https:\/\/api.w.org\/{rel}","templated":true}]}}