{"id":5110,"date":"2014-11-29T21:19:09","date_gmt":"2014-11-29T21:19:09","guid":{"rendered":"https:\/\/eportal.chirurgie.upol.cz\/portal_final\/?page_id=5110"},"modified":"2023-05-12T17:19:35","modified_gmt":"2023-05-12T17:19:35","slug":"video-69-osetreni-glutealniho-abscesu","status":"publish","type":"page","link":"https:\/\/eportal.chirurgie.upol.cz\/portal_final\/?page_id=5110","title":{"rendered":"Video 69  O\u0161et\u0159en\u00ed glute\u00e1ln\u00edho abscesu"},"content":{"rendered":"<p><a href=\"http:\/\/www.youtube.com\/watch?feature=player_embedded&amp;v=1N6vHfK99TM\"><img loading=\"lazy\" decoding=\"async\" class=\"wp-image-3320  alignleft\" title=\"Video 69\" src=\"https:\/\/eportal.chirurgie.upol.cz\/portal_final\/wp-content\/uploads\/2013\/06\/video.jpg\" alt=\"Video 69\" width=\"90\" height=\"91\" srcset=\"https:\/\/eportal.chirurgie.upol.cz\/portal_final\/wp-content\/uploads\/2013\/06\/video-150x150.jpg 150w, https:\/\/eportal.chirurgie.upol.cz\/portal_final\/wp-content\/uploads\/2013\/06\/video-120x120.jpg 120w\" sizes=\"auto, (max-width: 90px) 100vw, 90px\" \/><\/a><\/p>\n<p><em><strong>VIDEO 69:<\/strong><\/em><\/p>\n<h5>O\u0161et\u0159en\u00ed glute\u00e1ln\u00edho abscesu<\/h5>\n<p><span style=\"color: #ffffff;\">.<\/span><\/p>\n<p><span style=\"color: #ffffff;\">.<\/span><\/p>\n<p>\r\n    <div style=\"max-width:550px;\">        \r\n    <video id=\"plyr69f5b0b0c5bd5\" loop controls class=\"easy-video-player\">\r\n       <source src=\"https:\/\/eportal.chirurgie.upol.cz\/video\/69.mp4\" type=\"video\/mp4\" \/>\r\n    <\/video>\r\n    <\/div>    <script>\r\n        const evplayerplyr69f5b0b0c5bd5 = new Plyr(document.getElementById('plyr69f5b0b0c5bd5'));\r\n        evplayerplyr69f5b0b0c5bd5.ratio = '16:9';\r\n        evplayerplyr69f5b0b0c5bd5.iconUrl = 'https:\/\/eportal.chirurgie.upol.cz\/portal_final\/wp-content\/plugins\/easy-video-player\/lib\/plyr.svg';\r\n        evplayerplyr69f5b0b0c5bd5.blankVideo = 'https:\/\/eportal.chirurgie.upol.cz\/portal_final\/wp-content\/plugins\/easy-video-player\/lib\/blank.mp4';  \r\n    <\/script><br \/>\n<a href=\"https:\/\/eportal.chirurgie.upol.cz\/video\/69.mp4\" target=\"blank\" class=\"stahni\" rel=\"noopener\">Video ke sta\u017een\u00ed zde &gt;&gt;<\/a><\/p>\n<p><span style=\"color: #ffffff;\">.<\/span><\/p>\n","protected":false},"excerpt":{"rendered":"<p>VIDEO 69: O\u0161et\u0159en\u00ed glute\u00e1ln\u00edho abscesu . . Video ke sta\u017een\u00ed zde &gt;&gt; .<\/p>\n","protected":false},"author":1,"featured_media":0,"parent":3314,"menu_order":69,"comment_status":"closed","ping_status":"closed","template":"","meta":{"footnotes":"","_links_to":"","_links_to_target":""},"class_list":["post-5110","page","type-page","status-publish","hentry"],"_links":{"self":[{"href":"https:\/\/eportal.chirurgie.upol.cz\/portal_final\/index.php?rest_route=\/wp\/v2\/pages\/5110","targetHints":{"allow":["GET"]}}],"collection":[{"href":"https:\/\/eportal.chirurgie.upol.cz\/portal_final\/index.php?rest_route=\/wp\/v2\/pages"}],"about":[{"href":"https:\/\/eportal.chirurgie.upol.cz\/portal_final\/index.php?rest_route=\/wp\/v2\/types\/page"}],"author":[{"embeddable":true,"href":"https:\/\/eportal.chirurgie.upol.cz\/portal_final\/index.php?rest_route=\/wp\/v2\/users\/1"}],"replies":[{"embeddable":true,"href":"https:\/\/eportal.chirurgie.upol.cz\/portal_final\/index.php?rest_route=%2Fwp%2Fv2%2Fcomments&post=5110"}],"version-history":[{"count":4,"href":"https:\/\/eportal.chirurgie.upol.cz\/portal_final\/index.php?rest_route=\/wp\/v2\/pages\/5110\/revisions"}],"predecessor-version":[{"id":5496,"href":"https:\/\/eportal.chirurgie.upol.cz\/portal_final\/index.php?rest_route=\/wp\/v2\/pages\/5110\/revisions\/5496"}],"up":[{"embeddable":true,"href":"https:\/\/eportal.chirurgie.upol.cz\/portal_final\/index.php?rest_route=\/wp\/v2\/pages\/3314"}],"wp:attachment":[{"href":"https:\/\/eportal.chirurgie.upol.cz\/portal_final\/index.php?rest_route=%2Fwp%2Fv2%2Fmedia&parent=5110"}],"curies":[{"name":"wp","href":"https:\/\/api.w.org\/{rel}","templated":true}]}}

Video 69  Ošetření gluteálního abscesu

<p><a href="http://www.youtube.com/watch?feature=player_embedded&amp;v=1N6vHfK99TM"><img loading="lazy" decoding="async" class="wp-image-3320  alignleft" title="Video 69" src="https://eportal.chirurgie.upol.cz/portal_final/wp-content/uploads/2013/06/video.jpg" alt="Video 69" width="90" height="91" srcset="https://eportal.chirurgie.upol.cz/portal_final/wp-content/uploads/2013/06/video-150x150.jpg 150w, https://eportal.chirurgie.upol.cz/portal_final/wp-content/uploads/2013/06/video-120x120.jpg 120w" sizes="auto, (max-width: 90px) 100vw, 90px" /></a></p>
<p><em><strong>VIDEO 69:</strong></em></p>
<h5>Ošetření gluteálního abscesu</h5>
<p><span style="color: #ffffff;">.</span></p>
<p><span style="color: #ffffff;">.</span></p>
<p>
    <div style="max-width:550px;">        
    <video id="plyr69f5b0b0c5bd5" loop controls class="easy-video-player">
       <source src="https://eportal.chirurgie.upol.cz/video/69.mp4" type="video/mp4" />
    </video>
    </div>    <script>
        const evplayerplyr69f5b0b0c5bd5 = new Plyr(document.getElementById('plyr69f5b0b0c5bd5'));
        evplayerplyr69f5b0b0c5bd5.ratio = '16:9';
        evplayerplyr69f5b0b0c5bd5.iconUrl = 'https://eportal.chirurgie.upol.cz/portal_final/wp-content/plugins/easy-video-player/lib/plyr.svg';
        evplayerplyr69f5b0b0c5bd5.blankVideo = 'https://eportal.chirurgie.upol.cz/portal_final/wp-content/plugins/easy-video-player/lib/blank.mp4';  
    </script><br />
<a href="https://eportal.chirurgie.upol.cz/video/69.mp4" target="blank" class="stahni" rel="noopener">Video ke stažení zde &gt;&gt;</a></p>
<p><span style="color: #ffffff;">.</span></p>

<p>VIDEO 69: Ošetření gluteálního abscesu . . Video ke stažení zde &gt;&gt; .</p>
